= -6*x**3 - 82*x**2 - 12*x + 45. What is the hundreds digit of w(-14)?
6
Suppose -16 + 46 = 6*k. Let q = -68 - -68. Suppose -k*u + q*u + 535 = 0. What is the units digit of u?
7
Suppose 0 = 4*s - 50 - 10. Suppose -13*k = -s*k. Suppose 6*v = -k*v + 150. What is the tens digit of v?
2
Let k(s) = -2*s**3 - 5*s**2 + 7*s - 1. Let y be (-42)/(-4) + 10/(-4) + 2. Suppose w = m - y, -16 = 5*w + m + 4. What is the tens digit of k(w)?
8
Suppose 12*u - 16 = 8*u. What is the units digit of 85/(-17) + 242*u?
3
Let l = 218 - 227. What is the units digit of (2*(1 + -7))/(l/48)?
4
Suppose 4*c + 87 = 923. Let o = c + 81. What is the tens digit of o?
9
Let o = -208 - -202. Let h(z) = -66*z + 37. What is the units digit of h(o)?
3
Let y = 28026 + -8801. What is the ten thousands digit of y?
1
Let j(m) = 19*m**2 + 25*m + 1. Suppose 0 = 334*n - 326*n - 32. What is the tens digit of j(n)?
0
What is the ten thousands digit of 1/9 + 71424724/2394?
2
Let p(s) = -1614*s - 93. What is the hundreds digit of p(-7)?
2
Let s = -43 - -49. Let m be ((-14)/s - -2)/(4/(-36)). Suppose -m*c + 206 = 32. What is the units digit of c?
8
Suppose 0 = q - 0 - 8. Let z(d) = 6*d + 11. Let x(h) = 13*h + 20. Let w(f) = -2*x(f) + 5*z(f). What is the units digit of w(q)?
7
Let y(o) be the third derivative of 0 + 0*o + 1/2*o**3 - 33*o**2 + 1/60*o**5 - 1/6*o**4. What is the units digit of y(6)?
5
Let x(r) = 21*r - 58. Let t be x(4). Suppose t*j - 8256 = 2*j. What is the tens digit of j?
4
Let q = -145 - -136. What is the hundreds digit of (1 - q)*-57*(-56)/105?
3
Suppose -2 = -4*k - k - 4*o, -3*o = -2*k - 13. What is the tens digit of (-36)/(-270) + 6883/(-30)*k?
5
Let d(v) = v**2 - 15*v - 30. Let z be d(17). Suppose -z*u + 108 + 60 = 0. Suppose -6*c - u = -522. What is the tens digit of c?
8
Let m = -2 - -7. Suppose -23 = -r - 4*w, -2*r + 3*r = -m*w + 25. What is the units digit of 5*12*10/r?
0
Suppose -798*w + 802*w = 133432. What is the thousands digit of w?
3
Let o = -3219 + 3494. What is the hundreds digit of o?
2
Let x = -75 + 73. What is the tens digit of 36630/75 - (x + (-24)/(-10))?
8
What is the tens digit of ((0 - 8) + 11)/(6/3516)?
5
Let d = 62 + -56. Suppose -5*a + d*a = -7. Let x = a - -40. What is the units digit of x?
3
Let y(s) = -3*s**3 - 13*s**2 - 41*s - 14. Let v be y(-9). Suppose -2*c + 4*l + 1099 = -385, -2*c + 3*l = -v. What is the tens digit of c?
5
Let q(c) = -5*c - 2*c - 2*c**2 + 0*c**2 + 6*c**2 - 22. Let w(z) = 5*z**2 - 6*z - 23. Let o(y) = -6*q(y) + 5*w(y). What is the tens digit of o(-17)?
0
Let l(w) = w**3 - 10*w**2 + 48*w + 36. Suppose -5*y - t + 69 = 0, -t + 3 + 1 = 0. What is the thousands digit of l(y)?
1
Suppose -147316 = 31*z - 544457. What is the hundreds digit of z?
8
What is the hundreds digit of 6 + -1 + (21 + -56025)/(-6)?
3
Suppose 0 = -5*c + 30, 2*c + 15646 = 4*p + 2462. What is the units digit of p?
9
Let i(n) = -357*n - 102. Let o(s) = 536*s + 153. Let h(f) = 7*i(f) + 5*o(f). What is the tens digit of h(8)?
9
Let i(v) = -2*v**3 + 71*v**2 + 13*v - 344. What is the tens digit of i(28)?
8
Let p be 5627/68 - (-2)/8. Suppose m - 5*k = 55, -4*m + 4*k + p + 57 = 0. What is the units digit of m*1 + (0 - (3 + -2))?
9
Let d be ((-2)/(-3) + -1)/(6/(-1908)). Let j = d - -14. What is the tens digit of j?
2
Let h(p) = -9306*p + 2026. What is the tens digit of h(-3)?
4
Let o = -8462 - -18204. What is the tens digit of o?
4
Let r = -20 + 25. Let k = r + -1. Suppose u + 4 + 0 = 2*l, 4*u = k*l. What is the units digit of u?
4
Let l = -296 + 300. Suppose -3*a + 5*a = -l, -4*a - 2052 = -4*b. What is the tens digit of b?
1
Suppose -4*s = 20, 2*s + 2187 + 2955 = 4*w. What is the tens digit of w?
8
Let s(f) = 29*f - 36. Let q(d) = -d**3 - 11*d**2 + 11. Let h be q(-11). What is the units digit of s(h)?
3
What is the hundreds digit of -7 + (49 - -7)*55 + 4?
0
Suppose -4*l = -0*l - 15008. Suppose -4*k = 5*c - 4689, 26*k - 22*k - l = -4*c. What is the tens digit of c?
3
Suppose 41*v = 33*v + 32. Suppose 3*h = -o + 1133, v*h - 2*o + 7*o = 1518. What is the tens digit of h?
7
Suppose 25*i + 26 = 38*i. Suppose 3420 = 4*x - 6*g + 4*g, -x + i*g + 855 = 0. What is the units digit of x?
5
Let c be (542 + 0)*57/38. Suppose -2*f + 5*n + c = 0, -5*f + 2017 = -0*f + 3*n. What is the units digit of f?
4
Suppose -22 = -2*w - 3*x + 46, 0 = 5*x - 10. Suppose 5*b = -2*f + w, b - 1 = 3*f - b. Suppose -j + f*j - 72 = 0. What is the units digit of j?
6
Let b be 5 - 1164/(1 + 5). Let n = b - -414. What is the hundreds digit of n?
2
Suppose -30*h = -27*h - 6594. Suppose 0 = -51*y + 58*y - h. What is the units digit of y?
4
Suppose -35313 - 55015 + 449566 = 22*p. What is the tens digit of p?
2
Suppose 4*p = -2*b + 28986, -4*b + 3*p - 4059 = -62042. What is the tens digit of b?
9
Let w(i) = 41*i**2 + 32*i + 204. What is the thousands digit of w(-14)?
7
Let s(d) be the second derivative of 2*d**3/3 + 30*d**2 - d - 36. What is the tens digit of s(-12)?
1
Suppose 0 = a + 4 - 8, -5*a + 17 = -3*k. Let q(b) = -22*b - 10. Let o(y) = y - 1. Let z(r) = k*q(r) - 8*o(r). What is the units digit of z(-1)?
8
Suppose -2*w - i + 5*i + 146 = 0, 239 = 3*w + 4*i. Let b be (3 - 3) + -4 + w. Let t = b - -18. What is the tens digit of t?
9
Suppose -4*m + b = -2499 - 42818, -4*b - 20 = 0. What is the tens digit of m?
2
Suppose -2*b = 2*h - b - 1324, 3*b = 2*h - 1340. Let n = h + -439. Suppose -3*x = 3*d - 6*x - n, d + 5*x = 45. What is the tens digit of d?
7
Suppose -3*x = -m - 406 - 29, x - 159 = 5*m. Suppose x = -8*i - i. What is the hundreds digit of i/(-88) + (-2416)/(-22) + 2?
1
Suppose -135 = o + 4*o - 5*j, -106 = 4*o - 2*j. Let g = -24 - o. What is the tens digit of (-3 - (-5 - -84))/(g/(-4))?
6
Let c(w) = 25487*w - 153. What is the tens digit of c(2)?
2
What is the units digit of (646/12)/(7/(-294)*-7)?
3
Let w = -103 + 103. Suppose 0 = 2*t + 4*i - 708, -4*t + w*t = i - 1444. What is the tens digit of t?
6
Let c(z) be the third derivative of z**6/360 + z**5/40 + z**4/8 - z**3 + 27*z**2. Let y(i) be the first derivative of c(i). What is the units digit of y(4)?
1
What is the tens digit of (-3941208)/(-532) + 4/(-14)?
0
Let y be 8/12*(-4)/(12/(-1359)). Let j = y + -112. Suppose k - 4*p = 65, -3*k + 5 = -p - j. What is the tens digit of k?
6
Let x(c) = -c + 1. Let s be x(-3). Suppose 3*a + 2*l = -104, 55*l - 72 = 2*a + 59*l. What is the tens digit of (s/5)/(a/(-1105))?
2
Let f = 15731 - 4130. What is the thousands digit of f?
1
Let q(c) = c**3 - 29*c**2 + 79*c - 27. Let h be q(26). What is the units digit of ((-58)/(-2) - h)*90/75?
6
Let k = -18 + 19. Let a(l) = 577*l - 3. Let c be a(k). Suppose -5*o = -336 - c. What is the units digit of o?
2
Let n = 22 - 19. Suppose n*m = q + 2*m - 86, 5*m = -2*q + 151. Let j = q + 4. What is the units digit of j?
7
Suppose 0 = -16*c + 190500 - 21076. What is the ten thousands digit of c?
1
What is the units digit of 69 - 2 - (-54 + 56)?
5
Let d be (31/(-2))/((-14)/56). Let p = 67 - d. Suppose 1515 = p*k - 2*f, -3*k = -f - 32 - 877. What is the hundreds digit of k?
3
What is the hundreds digit of (2 - -2)*(-10 - -188 - -16)?
7
Let v = -433 + 801. Suppose 0 = 15*g - 11*g - r - 1466, -g = -r - v. What is the tens digit of g?
6
Suppose 3*g - 126 = -6*g. Let d = g + 206. What is the hundreds digit of d?
2
Suppose -3*a = 5*u - 164992, -u - 3*a + 21112 + 11884 = 0. What is the tens digit of u?
9
Let l = 16 + 46. Let g(h) = -h**3 + 14*h**2 + 13*h + 33. Let m be g(15). Suppose 3*s = -v + l + 191, m*v = 3. What is the units digit of s?
4
Let c be (-2 - (-1 + 5))*(-1 + 0). Let a(k) = -k**3 + 6*k**2 + 3*k + 34. What is the tens digit of a(c)?
5
Suppose 215*w - 109*w - 107*w = -25741. What is the thousands digit of w?
5
Suppose -5*z = 5*j - 3526 - 709, 3368 = 4*z - j. Suppose z + 52 = 5*s. What is the hundreds digit of s?
1
Let a(n) = 72*n**2 - 12*n + 7. What is the tens digit of a(10)?
8
Let v(n) = -n**3 + 11*n**2 - 15*n - 15. Let g(u) = -u**3 + 12*u**2 - 15*u - 14. Let r = -78 + 74. Let w(y) = r*g(y) + 3*v(y). What is the tens digit of w(14)?
2
What is the hundreds digit of (-18)/(-96) + (-12707786)/(-1312)?
6
Let m = -16 + 21. Suppose -3*j = -m*j - 80. Let y = j - -116. What is the units digit of y?
6
Suppose 0 = -w + 3*t + 4737, -34242 = -5*w - 5*t - 10457. What is the tens digit of 